?
8
What is the hundreds digit of 231510254?
2
What is the units digit of 21324761?
1
What is the thousands digit of 18403482?
3
What is the thousands digit of 1554082847?
2
What is the hundreds digit of 32553775?
7
What is the hundred thousands digit of 7001121?
0
What is the hundred thousands digit of 4219279569?
2
What is the ten millions digit of 898180785?
9
What is the tens digit of 99213075?
7
What is the units digit of 3215083?
3
What is the hundred millions digit of 5575848479?
5
What is the thousands digit of 5965897?
5
What is the hundreds digit of 205195037?
0
What is the hundreds digit of 625990955?
9
What is the ten millions digit of 90576551?
9
What is the hundred thousands digit of 56512341?
5
What is the ten millions digit of 37668551?
3
What is the thousands digit of 20997959?
7
What is the ten thousands digit of 261854349?
5
What is the hundreds digit of 155650689?
6
What is the hundred thousands digit of 446566130?
5
What is the hundred thousands digit of 569868839?
8
What is the ten millions digit of 383765208?
8
What is the hundred millions digit of 651153331?
6
What is the hundred millions digit of 140433346?
1
What is the units digit of 2903350637?
7
What is the thousands digit of 88225150?
5
What is the tens digit of 1311238985?
8
What is the hundred thousands digit of 4043579142?
5
What is the ten millions digit of 56804213?
5
What is the tens digit of 3259630302?
0
What is the billions digit of 2216269997?
2
What is the hundred thousands digit of 261831450?
8
What is the units digit of 125335568?
8
What is the millions digit of 33790292?
3
What is the millions digit of 10760816?
0
What is the tens digit of 38739633?
3
What is the ten millions digit of 326904071?
2
What is the ten thousands digit of 8913905989?
0
What is the billions digit of 1622622626?
1
What is the millions digit of 1558576342?
8
What is the tens digit of 1151006309?
0
What is the tens digit of 1130212991?
9
What is the ten thousands digit of 123610104?
1
What is the hundreds digit of 2125712?
7
What is the thousands digit of 9464232518?
2
What is the hundreds digit of 113275229?
2
What is the millions digit of 6508607613?
8
What is the ten millions digit of 224482823?
2
What is the hundred millions digit of 3066066647?
0
What is the hundred millions digit of 733114456?
7
What is the hundred thousands digit of 549588750?
5
What is the units digit of 861982938?
8
What is the ten thousands digit of 72724908?
2
What is the units digit of 8574699?
9
What is the ten millions digit of 130676032?
3
What is the hundreds digit of 4536258359?
3
What is the hundred thousands digit of 30728329?
7
What is the units digit of 394251165?
5
What is the units digit of 580364014?
4
What is the millions digit of 1079367459?
9
What is the hundred thousands digit of 189802340?
8
What is the millions digit of 260777247?
0
What is the hundreds digit of 1879908058?
0
What is the thousands digit of 3287834?
7
What is the thousands digit of 71609542?
9
What is the tens digit of 1107631594?
9
What is the tens digit of 561940192?
9
What is the millions digit of 286299149?
6
What is the millions digit of 169191766?
9
What is the tens digit of 45213973?
7
What is the millions digit of 262015175?
2
What is the ten millions digit of 105649482?
0
What is the hundred thousands digit of 1425031123?
0
What is the hundreds digit of 13378708?
7
What is the thousands digit of 41129459?
9
What is the hundred millions digit of 367010450?
3
What is the units digit of 256085188?
8
What is the ten millions digit of 84719550?
8
What is the thousands digit of 4209939018?
9
What is the hundred thousands digit of 168766853?
7
What is the hundred thousands digit of 161545867?
5
What is the millions digit of 816010903?
6
What is the hundred thousands digit of 2971856725?
8
What is the millions digit of 202883917?
2
What is the thousands digit of 58660828?
0
What is the hundred thousands digit of 80813030?
8
What is the hundreds digit of 312312970?
9
What is the millions digit of 10666340?
0
What is the tens digit of 3716849171?
7
What is the hundreds digit of 518707185?
1
What is the hundreds digit of 1334712844?
8
What is the ten millions digit of 3694784023?
9
What is the ten millions digit of 51678539?
5
What is the millions digit of 37197603?
7
What is the ten millions digit of 211794826?
1
What is the ten thousands digit of 386977950?
7
What is the hundred millions digit of 102294493?
1
What is the thousands digit of 2493738257?
8
What is the units digit of 370231854?
4
What is the thousands digit of 6322507139?
7
What is the thousands digit of 8963709216?
9
What is the ten thousands digit of 152384467?
8
What is the ten thousands digit of 3074617023?
1
What is the ten thousands digit of 21443964?
4
What is the ten thousands digit of 7909107?
0
What is the hundreds digit of 475899322?
3
What is the thousands digit of 1080687688?
7
What is the tens digit of 367620305?
0
What is the ten thousands digit of 211611000?
1
What is the tens digit of 297280651?
5
What is the ten thousands digit of 3490909041?
0
What is the ten thousands digit of 76168960?
6
What is the tens digit of 87873365?
6
What is the hundred millions digit of 145530177?
1
What is the thousands digit of 582730742?
0
What is the units digit of 124413701?
1
What is the ten thousands digit of 17103279?
0
What is the ten thousands digit of 570889726?
8
What is the hundreds digit of 71804599?
5
What is the millions digit of 497215140?
7
What is the hundred thousands digit of 67513766?
5
What is the hundred thousands digit of 191248155?
2
What is the hundred thousands digit of 213667668?
6
What is the tens digit of 209650717?
1
What is the ten millions digit of 604562130?
0
What is the ten thousands digit of 369012415?
1
What is the hundreds digit of 7234276?
2
What is the ten millions digit of 15826491?
1
What is the ten thousands digit of 20024079?
2
What is the hundred thousands digit of 4390299438?
2
What is the hundred thousands digit of 4092868?
0
What is the tens digit of 38484199?
9
What is the units digit of 25597463?
3
What is the millions digit of 13102731?
3
What is the tens digit of 62129605?
0
What is the ten millions digit of 2222935095?
2
What is the billions digit of 1660780274?
1
What is the thousands digit of 140252580?
2
What is the hundred millions digit of 5206380814?
2
What is the hundreds digit of 27670143?
1
What is the ten millions digit of 125436099?
2
What is the hundred thousands digit of 72617242?
6
What is the ten thousands digit of 91463913?
6
What is the hundred thousands digit of 2249786608?
7
What is the millions digit of 238107116?
8
What is the ten thousands digit of 14846152?
4
What is the ten millions digit of 185946856?
8
What is the hundred thousands digit of 409242013?
2
What is the tens digit of 749803124?
2
What is the units digit of 81623366?
6
What is the units digit of 3297925840?
0
What is the hundreds digit of 166280202?
2
What is the ten thousands digit of 1601713643?
1
What is the ten thousands digit of 386783612?
8
What is the thousands digit of 208598079?
8
What is the thousands digit of 244770721?
0
What is the hundreds digit of 50616373?
3
What is the hundred millions digit of 138219020?
1
What is the hundreds digit of 73903220?
2
What is the hundred millions digit of 1589921205?
5
What is the hundreds digit of 71128833?
8
What is the hundreds digit of 17199774?
7
What is the ten thousands digit of 30200202?
0
What is the ten thousands digit of 938303772?
0
What is the millions digit of 1229080892?
9
What is the ten millions digit of 286181903?
8
What is the units digit of 48153913?
3
What is the millions digit of 1291215115?
1
What is the tens digit of 546509243?
4
What is the millions digit of 147263032?
7
What is the hundreds digit of 742723297?
2
What is the ten millions digit of 3089364650?
8
What is the billions digit of 1381291664?
1
What is the ten millions digit of 1210224827?
1
What is the millions digit of 1911177138?
1
What is the tens digit of 90983824?
2
What is the hundreds digit of 5240776?
7
What is the hundred thousands digit of 313402614?
4
What is the tens digit of 2517236657?
5
What is the units digit of 238823763?
3
What is the ten millions digit of 364742